1
Convert 121221 (base 3) to base 10.
457
2f88 (base 16) to base 13
5700
What is 33343 (base 5) in base 2?
100100101100
Convert -2321 (base 5) to base 9.
-413
-4403 (base 5) to base 8
-1133
What is ccdc (base 16) in base 11?
36447
-1211 (base 5) to base 16
-b5
101031 (base 4) to base 6
5033
What is -b09 (base 12) in base 6?
-11213
What is -1100111011100000 (base 2) in base 14?
-1542c
1144 (base 10) to base 8
2170
Convert 366 (base 8) to base 6.
1050
Convert -11011 (base 3) to base 13.
-88
-136412 (base 7) to base 2
-110011010100001
-b6be (base 16) to base 4
-23122332
What is 1562 (base 11) in base 8?
3724
Convert 6603 (base 10) to base 7.
25152
15540 (base 8) to base 3
100121120
Convert 6633 (base 9) to base 7.
20154
What is 35046 (base 8) in base 10?
14886
What is 263 (base 7) in base 11?
120
Convert -3937 (base 13) to base 2.
-1111111011110
What is -146 (base 10) in base 14?
-a6
-1232 (base 10) to base 8
-2320
48f (base 16) to base 10
1167
What is 2033100 (base 4) in base 15?
2ab3
364 (base 7) to base 14
db
What is d70 (base 14) in base 13?
1287
Convert -13666 (base 8) to base 2.
-1011110110110
Convert -5289 (base 11) to base 8.
-15522
Convert -688 (base 12) to base 10.
-968
Convert -2401 (base 6) to base 5.
-4302
What is -4e (base 15) in base 5?
-244
Convert 2120 (base 6) to base 12.
340
-c21 (base 15) to base 13
-1321
What is 2682 (base 12) in base 16?
1142
What is -1023243 (base 5) in base 2?
-100001110101011
Convert 5103 (base 6) to base 8.
2137
Convert -1110001100 (base 2) to base 13.
-54b
What is -1782 (base 10) in base 9?
-2400
What is 4694 (base 11) in base 7?
23640
461 (base 7) to base 11
1a8
Convert 20512 (base 7) to base 6.
35224
What is -102 (base 9) in base 16?
-53
Convert 2167 (base 9) to base 14.
824
What is 203024 (base 6) in base 16?
3f58
-85080 (base 10) to base 16
-14c58
What is -4138 (base 10) in base 11?
-3122
Convert -7a (base 11) to base 10.
-87
What is 111 (base 5) in base 11?
29
3104 (base 6) to base 16
2b0
23304 (base 5) to base 15
789
What is 11303113 (base 4) in base 7?
126202
Convert 34422 (base 6) to base 8.
11456
-1101000101010 (base 2) to base 7
-25346
1aa (base 15) to base 8
601
Convert -2066 (base 11) to base 16.
-aae
Convert -71ca (base 13) to base 14.
-5a26
703 (base 10) to base 4
22333
What is -a81 (base 13) in base 15?
-7ea
596a5 (base 11) to base 2
10101000000001001
Convert 651a (base 12) to base 4.
2231212
-2502 (base 11) to base 2
-110011000101
What is 1244112 (base 5) in base 10?
24907
120140 (base 5) to base 3
20001201
What is -1321322 (base 4) in base 6?
-100042
1245 (base 8) to base 11
566
What is 1102 (base 4) in base 13?
64
Convert -237 (base 15) to base 5.
-4002
Convert -15b1 (base 15) to base 9.
-6354
9549 (base 10) to base 16
254d
-5198 (base 10) to base 13
-249b
180 (base 13) to base 5
2043
Convert 19d (base 14) to base 9.
412
Convert -1010012 (base 3) to base 8.
-1457
Convert -10101010010 (base 2) to base 6.
-10150
1000100 (base 2) to base 3
2112
-11010112111 (base 3) to base 14
-218bc
-2338 (base 15) to base 3
-101020222
What is -2121 (base 5) in base 4?
-10132
What is 7b33 (base 13) in base 9?
25630
Convert -214 (base 15) to base 14.
-257
-155464 (base 8) to base 11
-39185
561 (base 9) to base 7
1225
What is 3501 (base 6) in base 5?
11304
Convert -2530 (base 10) to base 11.
-19a0
111001111 (base 2) to base 3
122011
-777 (base 11) to base 13
-568
-104331 (base 6) to base 11
-6650
What is 1001110 (base 3) in base 16?
300
What is -1163 (base 8) in base 3?
-212020
Convert 445431 (base 6) to base 14.
d96b
What is 643c (base 16) in base 13?
b8ab
Convert 134a1 (base 15) to base 11.
42483
31082 (base 10) to base 7
156422
Convert -3422 (base 6) to base 16.
-326
What is -25708 (base 10) in base 4?
-12101230
3540 (base 6) to base 11
705
What is 3797 (base 12) in base 3?
22122121
711c (base 13) to base 9
23323
-2d (base 16) to base 12
-39
Convert 44171 (base 9) to base 7.
151303
133102 (base 6) to base 8
30076
312b (base 13) to base 9
10282
What is -10010101000011 (base 2) in base 8?
-22503
What is 28a (base 13) in base 16?
1c4
What is -1b16 (base 16) in base 7?
-26134
What is 11101101 (base 2) in base 13?
153
Convert -36a (base 16) to base 11.
-725
Convert -110011110 (base 2) to base 16.
-19e
What is -7554 (base 16) in base 8?
-72524
Convert 13003321 (base 4) to base 10.
28921
What is 3005 (base 6) in base 2?
1010001101
-2220202 (base 3) to base 10
-2126
Convert 100011110 (base 2) to base 7.
556
Convert 21779 (base 12) to base 9.
66683
Convert -22741 (base 8) to base 9.
-14264
What is 234113 (base 5) in base 16?
21d2
1458 (base 13) to base 8
5602
1232145 (base 6) to base 3
10101100102
-32325 (base 8) to base 10
-13525
What is -11033003 (base 4) in base 15?
-6548
What is -5e30 (base 16) in base 3?
-1020002001
Convert -17259 (base 10) to base 9.
-25606
-443 (base 14) to base 6
-3523
What is -740 (base 15) in base 9?
-2216
What is 13233 (base 5) in base 10?
1068
What is 409 (base 10) in base 2?
110011001
What is -13342 (base 6) in base 13?
-c3b
-76426 (base 8) to base 10
-32022
380 (base 10) to base 7
1052
What is -74616 (base 8) in base 2?
-111100110001110
What is 325 (base 7) in base 6?
434
What is -679c (base 13) in base 12?
-847a
-10101011001000 (base 2) to base 14
-3dc4
What is -13559 (base 11) in base 8?
-45547
Convert -211044 (base 6) to base 4.
-10023010
Convert 13bc (base 15) to base 16.
1083
-6a35 (base 15) to base 11
-15a40
-22221002 (base 3) to base 13
-2c69
Convert -214 (base 11) to base 2.
-100000001
Convert -25513 (base 6) to base 16.
-f15
Convert 55 (base 15) to base 14.
5a
-30 (base 7) to base 2
-10101
-1904 (base 15) to base 13
-25c9
Convert 2122 (base 3) to base 16.
47
What is 133532 (base 7) in base 3?
1021201022
Convert 21a86 (base 12) to base 5.
2412432
What is -11010101110 (base 2) in base 9?
-2310
-163 (base 15) to base 14
-18a
63316 (base 9) to base 7
232620
-660b (base 12) to base 14
-4151
What is -13103 (base 4) in base 11?
-395
What is 31203002 (base 4) in base 13?
1c346
Convert -74c (base 14) to base 9.
-1870
Convert -1b832 (base 12) to base 4.
-21333212
11035 (base 6) to base 9
2085
Convert -1400 (base 6) to base 4.
-11220
What is 260 (base 8) in base 15?
bb
Convert -3c4 (base 13) to base 6.
-3031
-235 (base 8) to base 5
-1112
Convert 111100000 (base 2) to base 9.
583
-d38 (base 16) to base 5
-102014
Convert -2011 (base 9) to base 10.
-1468
Convert 11125 (base 6) to base 7.
4364
What is 12210223 (base 4) in base 15?
7e9d
Convert -2322322 (base 4) to base 10.
-11962
1240 (base 10) to base 12
874
What is 1132 (base 5) in base 12?
11b
18307 (base 13) to base 14
13003
2485 (base 14) to base 2
1100011110101
22 (base 3) to base 6
12
13013 (base 4) to base 8
707
What is -11213 (base 4) in base 7?
-1022
What is 68f (base 16) in base 11?
1297
Convert -110111000110101 (base 2) to base 3.
-1102200221
Convert -204 (base 13) to base 10.
-342
Convert 5787 (base 16) to base 2.
101011110000111
What is -140204 (base 5) in base 15?
-1a39
What is -14e5 (base 15) in base 11?
-3412
-712 (base 9) to base 15
-288
-18135 (base 10) to base 3
-220212200
What is 1447 (base 9) in base 6?
5024
What is 3cb1 (base 13) in base 8?
21073
-ab6b (base 13) to base 5
-1231133
Convert 20312 (base 5) to base 11.
1001
Convert -1a69 (base 14) to base 5.
-123142
-36434 (base 7) to base 11
-7140
Convert 4a42 (base 14) to base 13.
5bb7
Convert 10110000110000001 (base 2) to base 6.
1534545
What is 22110001 (base 3) in base 10?
6157
220421 (base 5) to base 11
579a
What is -412 (base 9) in base 4?
-11033
What is -20012220 (base 3) in base 14?
-191b
-10331 (base 4) to base 6
-1245
1171 (base 14) to base 5
44124
-d28 (base 14) to base 7
-10351
-711 (base 13) to base 14
-617
760 (base 15) to base 9
2250
-356 (base 10) to base 16
-164
What is -10105 (base 6) in base 10?
-1337
Convert 31111332 (base 4) to base 10.
54654
Convert 1266 (base 10) to base 13.
765
Convert 3699 (base 16) to base 11.
a557
What is 16bd (base 16) in base 9?
7877
What is -9de (base 16) in base 6?
-15410
What is 30557 (base 10) in base 9?
45822
6554 (base 12) to base 5
324102
What is 9633 (base 10) in base 16?
25a1
What is 32b (base 13) in base 8?
1040
-2aa (base 16) to base 9
-837
-100102 (base 3) to base 2
-11111110
What is 4c3 (base 13) in base 